ctor of 7 and m?
7
Let p be (53 + 1)/(2*6/12). Let r be -2 + (0 - -1 - p). Let v = 73 + r. Calculate the greatest common factor of 72 and v.
18
Let y(b) = -3*b**3 + 3*b**2 - b + 5. Let r be y(2). Let g be (162/8)/(r*(-4)/192). Let v = 118 - g. What is the greatest common divisor of 80 and v?
10
Suppose -51 = -r - 2. Let i(m) = -35*m + 124. Let o be i(-5). Suppose -307*v = -o*v - 1960. What is the greatest common factor of v and r?
49
Let u(o) be the second derivative of -o**4/12 + o**3 - o**2/2 + 5*o. Let c be -3 + 8 + -4 + 2. Let w be u(c). Calculate the greatest common factor of 12 and w.
4
Let i(j) = j**3 + 8*j**2 + 7*j + 33. Let q be i(-7). Suppose q*y - 381 = 873. What is the highest common divisor of 608 and y?
38
Suppose -7*x = -43 - 13. Let k be (-647)/(-2) - (x + (-130)/20). Calculate the greatest common factor of k and 14.
14
Let m = -504 + 502. Let x be m/14 - (-6728)/56. Calculate the highest common factor of x and 24.
24
Let a be ((-354)/295)/((-1)/(-40)*-3). Let w(r) = 0*r + 0*r + 2*r + 0*r + r**2 + 8. Let y be w(10). What is the greatest common divisor of y and a?
16
Suppose -2724*m = -2725*m + 7, -c = -2*m - 542. Calculate the greatest common factor of 4 and c.
4
Let z be 52/(-9) + 6 + 266/18. Let h = -4 - 7. Let o(r) = -r**2 - 21*r + 10. Let q be o(h). Calculate the greatest common factor of q and z.
15
Suppose 2*o + 4*r - 500 = 0, o - 134 - 106 = -4*r. Calculate the greatest common divisor of o and 100.
20
Suppose 2*g = 66 + 10. Suppose 4*h = -4*m + 944, 146*h - 143*h - 676 = m. What is the highest common divisor of h and g?
38
Suppose 315392 = 296*k - 72*k. Calculate the greatest common factor of 33 and k.
11
Let q = 2664 - 2634. What is the highest common factor of 2265 and q?
15
Let h be 1688/(-18) - (-1)/((-18)/4). Let q = h + 95. Let i be 1/(q - 125/130). Calculate the greatest common divisor of 234 and i.
26
Let z = 3092 - -2065. Calculate the highest common divisor of z and 81.
27
Suppose 6180 = -18*a + 20*a - 2*o, -5*a - 8*o = -15424. Calculate the highest common factor of a and 193.
193
Suppose 3*y + 5*f - 73 = 0, -5*f + 12 = y - 29. Let r = -17 - -19. Suppose p - 3*a = 22, r*p + 5*a - 16 = 6. What is the greatest common factor of p and y?
16
Suppose -171*h - 39366 = -252*h. What is the greatest common factor of h and 12?
6
Suppose 0 = -21*o - 16*o - o + 11856. What is the greatest common factor of 744 and o?
24
Let p(s) = -s**3 + 16*s**2 - 19*s + 17. Let h be p(13). Let j = h - 109. Calculate the greatest common divisor of 126 and j.
42
Let m(v) = -30*v**2 + 85*v + 19. Let a be m(3). What is the greatest common divisor of a and 480?
4
Let r = 690 - 686. What is the highest common divisor of 1124 and r?
4
Let f(m) = -2*m**2 - m + 42. Let k = -325 - -325. Let v be f(k). Calculate the greatest common factor of v and 54.
6
Suppose 17 - 1 = 2*h. Let w(u) = u + 10. Let v be w(-8). Let c = h - v. What is the greatest common factor of 6 and c?
6
Suppose -98 = -2*c - 20. Let h = 25 - c. Let r(o) = -3*o - 8. Let b be r(h). Calculate the highest common divisor of 34 and b.
34
Let a be 1263 - (12*4/6 - 9). Calculate the greatest common factor of a and 1027.
79
Suppose 72*a + 156 = -76*a + 1044. Let f = 45 - -33. Calculate the highest common divisor of a and f.
6
Let l = 9207 + -8656. Calculate the greatest common factor of l and 145.
29
Suppose 6*c = -7*c. Suppose 5*y = 3*q + 111, -4*q + c*q = y - 36. Suppose y = 3*j - j. What is the greatest common factor of j and 30?
6
Suppose 3*r = 13 + 2. Suppose -123*t + 2340 = -3*t + 36*t. Calculate the highest common divisor of t and r.
5
Let p be 3/((1/(-140))/(150/(-315))). Let w = 25 + -9. What is the greatest common factor of p and w?
8
Suppose 4*i = 0, 2*v = -i - 3*i + 10. Let r be 51/(30/(-25)*v/(-4)). Let y be 3/(-15) - -13*r/10. Calculate the highest common divisor of 11 and y.
11
Let t be 2041 + (4 - ((-1 - 4) + 8)). Suppose -27*g = -658 - t. What is the greatest common divisor of g and 25?
25
Let w(l) = 0*l**3 - 2*l**2 - 4*l**3 - l - 1 + 2*l**3 - 3*l**3. Let v be w(-3). Calculate the greatest common factor of v and 17.
17
Let j = 112 + -63. Suppose -3373*s - 280 = -3383*s. Calculate the highest common factor of s and j.
7
Suppose -57*q + 429055 + 520964 = 0. What is the highest common divisor of 14 and q?
7
Let q(o) = -24*o**3 - 94*o**2 - 10*o - 12. Let x be q(-4). Suppose 5*r - 248 = -2*y, -3*y - 4 = -1. What is the greatest common factor of r and x?
10
Let i be (-18)/7*(-42)/9. Suppose 3*g - 3*f = -213, -2*g - 5*f - 248 = 2*g. Let s = -31 - g. What is the highest common divisor of i and s?
12
Let z be 4/(-4) + 10 + -6. Let d be (-6)/15*(-10 - 0). Suppose 0 = 3*m + z*v - 207, 5*m + d*v - 94 = 250. What is the highest common divisor of m and 17?
17
Suppose 8*r - 9*r = -62. Suppose 5*x - 553 = 3*k, -3*x - 5*k + r = -263. Let f = x - 56. What is the greatest common factor of f and 6?
6
Suppose -6*a + 29215 = 10483. What is the greatest common divisor of 28 and a?
14
Suppose 438*p - 16368 = 174*p. Calculate the highest common divisor of p and 49.
1
Let v be (7639 + 8)*1/5 + 3/5. Calculate the greatest common divisor of 20 and v.
10
Let b(y) be the third derivative of -7*y**4/12 + 22*y**3/3 - 2*y**2 + 110*y. Let s be b(-5). Calculate the greatest common divisor of s and 171.
57
Let v be -75 - (1*(-6)/(-3) + -4). Let z = v - -76. Suppose 1265 = 8*l - z*l. What is the greatest common factor of l and 23?
23
Suppose 4*c + 0*a - a = 1144, 2*c - 554 = -4*a. Suppose -17*q + c = 2*q. What is the highest common divisor of 135 and q?
15
Let h = 320 + -994. Let z = h - -690. Calculate the highest common factor of 28 and z.
4
Suppose -3*k = 5*h - 0*k - 47, -k + 49 = 5*h. Suppose 410 = 5*q + 5*d - 20, d + 424 = 5*q. Calculate the greatest common divisor of h and q.
5
Let f(d) = d**3 - d**2 + 22*d - 212. Let s be f(6). Suppose -5*x - r + 1759 = -4*r, 5*r = -15. Calculate the greatest common divisor of s and x.
50
Let i(d) = d**2 + 13*d - 7. Let w be i(5). Let y = w + -80. Suppose t + 3*t = 4. What is the highest common factor of t and y?
1
Let l(b) = 469*b**2 + b - 1. Let m be l(1). Suppose 5*w = 7*w + 4*q - 146, 0 = 4*w - 2*q - 262. What is the greatest common factor of m and w?
67
Let b(y) = 2*y. Let s be b(-20). Let x be (-14)/(28/s - 1/(-5)). Let a = 7 - 3. Calculate the greatest common divisor of x and a.
4
Let d = 3345 + -3344. Calculate the greatest common factor of 69 and d.
1
Suppose -135*o + 322 - 95 + 583 = 0. Let z be (40 + (2 - 2))*(-1)/(-2). Calculate the greatest common divisor of z and o.
2
Let w = 52007 - 51957. Suppose -95 = -2*d - 5*y + 95, 3*d - 5*y = 260. What is the greatest common factor of w and d?
10
Let t(o) = -131*o - 19. Let k be ((-12)/(-10))/(336/35 + -10). Let v be t(k). What is the highest common factor of v and 34?
34
Let t be (-46)/(-161)*(2 + 0 + 26). Suppose 25 - 129 = -t*b. Calculate the highest common factor of b and 39.
13
Suppose -y + 225 = 5*n, 1101 = 5*y + 3*n - 2*n. Calculate the greatest common divisor of y and 500.
20
Suppose 6*t - 410 = -4*t. Let i = 48 - t. Suppose -6*m + i*m = 18. Calculate the greatest common factor of m and 18.
18
Let f(t) = -2*t**3 - 9*t - 290. Let r be f(-6). What is the greatest common factor of r and 1134?
14
Let x be 15/(-10)*6/(-27)*-6. Let m be ((-29)/2 + x)*2. Let p be (m/(-3))/1 - 3. What is the greatest common divisor of p and 12?
4
Let b(i) = i**3 + 13*i**2 + i + 39. Let l be b(-12). Let r(w) = -21*w - 15. Let c be r(4). Let f = c + l. Calculate the highest common factor of f and 48.
24
Suppose 481 = 8*d + 81. Let t = d + -47. Calculate the greatest common divisor of t and 48.
3
Let n(a) = 448*a + 240. Let j be n(3). Calculate the greatest common divisor of j and 484.
44
Suppose y = -2*y - 4*n + 281, 0 = -5*y + 5*n + 445. Let p be 16425/146 - 27/(-6). Calculate the greatest common divisor of y and p.
13
Suppose -346 = -4*b + 3*i, 121*b - i = 123*b - 168. What is the greatest common divisor of 255 and b?
85
Let v(n) = -8*n**3 + n**2 - n - 1. Let s be v(-1). Suppose -2*w + s + 45 = 0. Let r = 24 + w. What is the highest common divisor of r and 34?
17
Let j = -6100 + 6328. What is the highest common factor of j and 627?
57
Suppose -58517 - 79651 = -101*f. Calculate the greatest common divisor of f and 216.
72
Let w =